 + 1 + 0 - (-58 - -88)?
-33
What is -45 + (159 - (26 + 37))?
51
Calculate 151 + (41 - (40 + 19)).
133
Evaluate -54 + (122 - (122 - 93)).
39
What is the value of 21 + (-1202 - -1187 - (0 - -93))?
-87
Calculate 30 - (95 + -35 + 16 + 36).
-82
What is the value of 0 + -2 + -1 - ((-15 - -22) + -8 + -6)?
4
Evaluate -131 + (-1 - 5) + 513 + -489.
-113
Calculate 38 - (17 + (11 - (54 - 13))).
51
What is 69 - ((-14 - -77) + -31)?
37
Evaluate -8 - (8 + 4 + -14 + 22).
-28
-38 + -23 + 29 + 5 + 9
-18
Calculate 4 + (-16 - (-1 - 1)) + (-39 - -39 - 115).
-125
-3 - (-10 + 1) - (-7 + (-52 - -7 - 3))
61
What is -1 + 55 - (-48 - -36 - 2)?
68
Calculate -563 + 455 - (2 - 215).
105
Calculate 112 + 11 + (-31 - 44).
48
4 + -15 - ((2 - -53) + (-22 - -18 - -17))
-79
Calculate -96 - ((9 - (24 - (2 - 4 - -13))) + 16).
-108
101 - (-47 + 3 + 50)
95
-54 + 47 + -21 + 20
-8
Calculate -13 + (2 - -5) + (0 - 4) + (8 - 6).
-8
What is the value of (-4 - (-4 - -4)) + -2 - (-189 + 140)?
43
Evaluate 58 - -69 - 132 - -55.
50
7 + -15 - -25 - (66 - 71)
22
Calculate 174 + 0 - (-12626 - -12687).
113
What is the value of (9 + 23 - 7) + 6 + -8 + -11?
12
What is the value of 23 - (51 + -48) - -36?
56
What is 70 - (52 + (9 - 41))?
50
-6 + 2 + 0 - (59 + (-111 - -36)) - 49
-37
27 + (-86 - (-52 - -16))
-23
(1569 - 1516) + -36 + 1
18
What is the value of (-3 - -2 - -1) + (-361 - -350) + 68?
57
(0 + 6 - (5 - 7)) + (4 - 19) - -1
-6
-21 + (-215 - -117) + 46
-73
-22 + -1 + (426 - 420) + -2
-19
Calculate 37 - (-3 + (-45 - -55) - -12).
18
What is 22 + -11 - 1 - (21 + (-31 - -35))?
-15
Calculate (-17 - 0) + (-103 - -61 - -47) - (-38 - -3).
23
What is (-57 - (0 + -8 + 3)) + -311 + 303?
-60
25 - ((0 - 0) + (-40 + 81 - 36))
20
What is the value of (10 - (0 + 2 - (144 + -127)) - 14) + 79?
90
What is the value of -35 + (16 - 9 - (11 + -24))?
-15
Calculate -1 + -1 + 1 + (102 - 189) + 90 - -35.
37
What is 105 + (82 - 234) + 192?
145
Evaluate (2 - -1) + -70 - ((-18 - (26 + -52)) + -9).
-66
Calculate -9 + 13 + -13 + 25 + (-73 - -4).
-53
34 - (-3 + -10 - ((-14 - 4) + 11))
40
(-68 - -52 - -79) + -38
25
Evaluate (-4 + 1 + -89 - 4) + (-16 - (-52 - -30)).
-90
What is the value of -10 + 219 + -189 - (-1 - 5)?
26
-23 + (1 - 1 - (-8 + -8 - (7 + -34)))
-34
(7 - (6 + 68)) + (26 - (-5 + 18 + 3))
-57
What is (1 - (10 + -5) - -24) + -11 - 5?
4
What is 83 - (64 + (-73 - -122))?
-30
What is 127 + -57 + (36 - 55)?
51
11 - ((-58 + 18 - -18) + -10)
43
What is the value of -2 - ((121 - 111) + -15 + 2 + (3 - 70))?
68
Calculate (2 - 1) + 9 - (62 - -18 - 69).
-1
46 + (5 + -8 - -5) + (14 - 27)
35
What is -15 + 13 + (14 + -1 - 6) + -24?
-19
What is the value of -11 + (-12 + 6 - (-20 - -1)) - -32?
34
Calculate (-13 + 0 - (-34 - -80)) + -10 + -2 + 1.
-70
(-13 - (-4 - -8)) + -2785 + 2750
-52
Calculate -6 - (1 + -1) - (38635 - 38656).
15
-36 + (-132 - (18 - 96))
-90
What is 15 + (-29 - -27) + (-26 - 12)?
-25
Evaluate (4 - 24 - 11) + 18 + -31 + -6 + -2.
-52
(7 - 1 - 0 - (458 + -445)) + 21 + -1
13
Calculate (-3 - (15 - (20 - 17))) + 13.
-2
What is the value of -21 + 21 + 60 + 10 + -25?
45
What is -86 + (-7 - (-6 + -15 + 11)) + -9?
-92
Evaluate 5 + -2 - -64 - (-35 - -42) - (-11 - -17).
54
(4 - 11 - (-6 + 0)) + -3 - (-1 + -39)
36
What is 4 - (72 + -1) - (22 + 4 + -5)?
-88
Evaluate 99 - (-4 - -1) - (37 + -59 + 35).
89
What is the value of -3 + 2 - (-7 - (-12 - -9) - 21)?
24
Calculate (11 - 0) + (0 - 12 - (-841 - -890)).
-50
What is the value of (-7 - (1 - -6 - (135 - 129))) + 14?
6
-19 + -39 + 19 + 35 - (-2 + 2 + 12)
-16
What is the value of 14 - (6 + (-11 - -13) - 27)?
33
What is the value of -73 + -9 + 54 - (-32 + 2)?
2
Calculate (-1 - 0 - -2) + (8 - 57 - (-4 - 2)).
-42
What is 1 - -23 - (-2477 - -2551)?
-50
Evaluate 78 - (-57 + (53 - -63)).
19
What is the value of -1 + 8 + -4 + -21 + (263 - 258)?
-13
-13 + -1 + 6 - (5 + (-50 - 7 - 0))
44
What is the value of -17 + (0 - -14) - (40 + 2) - -8?
-37
What is the value of -420 + 362 - (1 - -1) - -20?
-40
What is the value of 8 + -43 + (2 + -8 - -7) + 5?
-29
Calculate (-32 - (21 - -23)) + (0 + -1 - 1) - -9.
-69
What is the value of -32 - (-21 + 5) - 17?
-33
Calculate -6 + (13 + -28 + 31 - (0 + -2 + 7)).
5
Calculate -53 + 38 - (-13 + 2) - (-13 - -3 - 8).
14
What is the value of 20 + -70 + 15 - (-4 + -5)?
-26
What is the value of 1 + 27 + (14779 - 14906)?
-99
What is (-57 - (-35 - 34)) + (4 - 1) - (2 - -34)?
-21
Calculate (34 - 1) + 214 + -327 + 88.
8
What is -9 - -3 - (-28 + 6 - (8 + -17) - 7)?
14
Calculate -46 - (-23 - 31) - (-25 - -16).
17
Evaluate (54 - 40 - 26) + (0 - 0 - -1 - -65).
54
Evaluate 96 - (-33 + 68 - (20 + -8)).
73
What is the value of (-1035 - -1086) + (-52 - -3)?
2
Calculate 46 - (135 - 35 - 42).
-12
What is the value of 8 + -23 + (97 - 50)?
32
Evaluate 19 + -48 + 37 + 6 + -37.
-23
What is -2 + 7 + -11 + (52 - 7 - 23) + 13?
29
-49 - ((43 + -43 - (7 + -11)) + -8)
-45
(-19 - -121) + (-2 - (18 - (39 + -13)))
108
What is (-9 - (6 + -10)) + -12 + -10?
-27
What is -6 + -1 - (0 - (-2 - (-12 - -32)))?
-29
What is (1 - -2 - 2) + 7 + (-36 - (14 + -33))?
-9
(-11 - (-16 - -2 - -6)) + -35
-38
What is the value of -597 + 690 + 1 + -170?
-76
What is the value of (29 + -14 - 37) + 20 - -42?
40
Evaluate (-1 - (0 - (68 + 22))) + (2 - -18).
109
What is the value of 377 + -435 - (-1 - 111)?
54
Evaluate 33 + (75 + (-21 - 14) - 180).
-107
What is -6 - 23 - (55 + -47)?
-37
What is the value of 28 + 20 - 42 - 39?
-33
Calculate -7 - (26 + (-32 - -38)) - (3 - -6).
-48
Calculate 263 + -262 + (8 + -2 - -36).
43
Calculate 4 + 4 + 2 + (-5 - -1) - 50.
-44
-19 + -2 + 26 + 38
43
Evaluate 2 + 15 + 52 + (-105 - -48) + 46.
58
What is 6 + -10 + 9 + -12 - -33?
26
Calculate -53 + 80 - (-13 + 0 + -10).
50
(0 + 2 - (-26 - 1)) + (-287 - -363 - 65)
40
-25 + 9 + 63 + -58
-11
Calculate 7 + -9 - -7 - -111 - (3 + -13 + 16).
110
Calculate 2 - (-7 + (3 - 5 - 3) + -29).
43
Evaluate -10 + 4 + -1 - (43 + -8 + -11).
-31
What is -114 + (77 - (-27 - -44))?
-54
What is -12 + -9 + 30 + -8 + (-8 - -5)?
-2
Evaluate 23 + -6 + 0 + (1 - -7 - 12).
13
What is the value of (-6 - -63) + 458 + -529?
-14
(216 + -56 - 190) + (-2 - -76)
44
119 - 145 - (1 + 23) - (11 + -2)
-59
52 + 11 + -73 - (14 - (-2 + (-3 - -2)))
-27
What is the value of -1 + (19 - 11) + -10 + 12 + 47?
56
27 + (0 - (31 - 79))
75
What is the value of (-45 + -11 - (1 + -17)) + (-6 + 2 - -16)?
-28
What is the value of 0 - -34 - (835 - 816) - -3?
18
Evaluate -36 + (-89 - (-196 + 49)).
22
24 + (-169 - (-186 + 68))
-27
Calculate 12 + (-78 - -58) + 4.
-4
Calculate -63 + 159 + -71 - (-94 + 11).
108
What is (-67 - -69) + 69 + 14?
85
What is -10 + (20 + 2 - 27) + 9?
-6
-6451 + 6373 - (-70 - -1)
-9
Calculate (-28 + -7 - -24) + (0 - 48) + -42 + 32.
-69
Evaluate 49 - (-15 + 5 - -8) - (-30 - -30).
51
What is the value of 7 - ((62 - 80) + -8)?
33
What is 6 + -3 + -24 + 24 + 17 + -23?
-3
Evaluate -5 + 26 - -7 - (-1303 - -1286).
45
What is the value of -337 - -355 - (24 - 1)?
-5
(16 - -8 - 20) + (-10 + 4 - 0)
-2
Evaluate 6465 - 6354 - (2 + 194).
-85
Evaluate -1 - 12 - (-4899 + 4915).
-29
Calculate (-65 - (-68 + 27 + 8)) + 149.
117
What is ((-6 - -23) + 23 - -22) + 2?
64
What is 168 + -21 + -110 + -1 + -1 + 4 + 0?
39
What is -61 - (57 + -33 + -91)?
6
Evaluate (-1 - -17) + 356 + -336 + -9 + -2.
25
Evaluate (-32 + -1 + 1 - (-10791 + 10788)) + -16.
-45
34 + -5 - 6 - (-9 + -1 + (8 - -6))
19
What is the value of 16 + (18 - (24 - 62) - 25)?
47
Evaluate (23 - (-4 - -16)) + (-14 - (-72 + 15)).
54
What is the value of -29 + -5 + (-22 - -19 - -9)?
-28
-12 + (14 - (4 + (-17 - 12))) + 1
28
What is the value of -10 - (37 - (2 - 1 - (117 + -118)) - 5)?
-40
What is the value of -4174 + 4136 + 47 + -2?
7
2 + 4 + -2 - (115 - 142)
31
Calculate -8 + -20 + -31 + 86.
27
What is the value of -6 + (-59 - (20 - 40)) + 3?
-42
What is the value of (52 + 47 - 62) + -18?
19
(-9 - 16) + (-60 - (-5 - 5))
-75
0 + -26 + 52 + -34
-8
Evaluate -82 + 0 + 2 + (17 - 57).
-120
Evaluate (-24 + (5 - -16) - (-6 - 0)) + -2 + -118.
-117
What is the value of 0 - 17 - ((55 - (71 - 40)) + -14)?
-27
What is the value of (120 - 13) + (375 - 378)?
104
What is the value of 0 + 6 - (18 - ((-13 - (-1 + -18)) + -1))?
-7
Calculate 14 + (61 + -12 - (5 + 25)).
33
What is (-29 - 26) + 41 + (22 - -1) + -2 + -44?
-37
What is the value of 17 - (-6 - 36) - 32?